3)?
1
Suppose -10*w - 180 = -13*w. What is the tens digit of w?
6
Let n(a) = -a**2 - 9*a + 7. What is the tens digit of n(-6)?
2
Suppose -4*a - 83 = -n, -2*n + 3*a + 107 = -39. Let r = n - 34. What is the units digit of r?
3
Let z be ((-1)/2)/(3/(-24)). What is the tens digit of (-1)/(-2) - (-142)/z?
3
Suppose 8 = -5*m + 3*m. What is the units digit of (-2)/(m/(-6)) - -34?
1
Let c be 16/24 + (-178)/(-3). Suppose -2*q = q - c. What is the tens digit of q?
2
Let d(f) = f**2 - 3. Let g be d(3). Suppose 4*y - g = 54. What is the tens digit of y?
1
Let q = -45 - -90. What is the units digit of q?
5
Let o(k) = 2*k**2 + 8*k + 6. Let v(u) = u**2 + 7*u + 5. Let j(w) = 6*o(w) - 7*v(w). What is the units digit of j(1)?
5
Let a(l) = l - 6. Let x be a(6). Let v(s) = s**2 + 2. Let k be v(0). Suppose 18 = k*w - x*w. What is the units digit of w?
9
Let z = 54 - 30. Suppose 4*o + s = -2*s + 33, -2*o - 4*s = -z. What is the units digit of o/(-4) + (-93)/(-6)?
4
Let j = -10 - -12. What is the units digit of j?
2
Let h be (-2)/(0 - (-1)/(-8)). Suppose 0 = -3*p - 2*c + 3*c + 10, 2*p = -5*c - h. Suppose -2*a + p = 4*j, -j - 20 + 3 = -2*a. What is the units digit of a?
7
Suppose -m = 2*i + 185, m = -m - 10. What is the tens digit of (5/15)/((-2)/i)?
1
Let h = 13 - 5. What is the units digit of h?
8
Let w(c) = c + 15. Let b(m) = -2*m - 29. Let j(v) = -6*b(v) - 11*w(v). What is the units digit of j(7)?
6
Let u = 34 + -59. Let t = 3 - u. What is the units digit of t?
8
What is the units digit of 4 + (3 - (0 + 4))?
3
Let n = 61 - 36. What is the tens digit of n?
2
What is the units digit of 19/(-14)*-16 - (-4)/14?
2
Suppose -2*y + 4 = 3*v - 3, 5*y - v - 9 = 0. What is the units digit of -5 + 9 - -1*y?
6
Let v(d) = 5*d**2 - d - 6. Suppose -12 = b + 3*b. What is the tens digit of v(b)?
4
Suppose 3*m - 8 - 4 = 0. Suppose 4*o - 52 = -m*v, -o = -3*o - 5*v + 41. What is the units digit of o?
8
Let f(h) be the third derivative of h**6/120 + h**5/12 - h**4/4 + h**3/3 - 4*h**2. What is the units digit of f(-6)?
2
Let j = -11 + 17. Let g = -4 + j. What is the units digit of g?
2
Let y(i) = -i - 4. Let m be y(-7). Suppose 0 = m*b + 2*b - 10. What is the units digit of b?
2
What is the tens digit of (-3 + 15/6)*-42?
2
Let t be 116/(-5) - 1/(-5). Let a = 1 - t. Let n = -14 + a. What is the units digit of n?
0
Let l(j) = 15*j - 14. Let m(f) = 14*f - 14. Let v(i) = 6*l(i) - 5*m(i). Let q(a) = -7*a + 5. Let r(b) = 17*q(b) + 6*v(b). What is the units digit of r(1)?
2
Let v = 1 - -7. What is the units digit of (v/2)/((-4)/(-8))?
8
Let n = -21 - -37. Suppose -10*h + n = -6*h. What is the units digit of h?
4
What is the tens digit of 116/(-8)*(1 - 3)?
2
Let z(t) = t**3 - 6*t**2 - 10*t + 10. Let d be z(7). Let q = d + 45. What is the units digit of q?
4
Suppose -2*r - 5 = -7*r. Suppose -o = r - 5. Suppose -o*y + 22 = -0*y + 5*x, -2*y - x = -14. What is the units digit of y?
8
Let d = 0 + -3. Let a be (8/16)/(1/(-2)). Let s = a - d. What is the units digit of s?
2
Suppose 0*f - 135 = -3*f. What is the tens digit of f?
4
Suppose 7*g = 8*g - 66. What is the units digit of g?
6
Let n(x) = x + 15. Let z be n(-12). Suppose y - z = 20. What is the units digit of y?
3
Let s(m) = 2*m**2 - 4*m + 1. What is the tens digit of s(-3)?
3
Let g(f) = f**3 + 6*f**2 - 2*f - 8. Let q be g(-6). Let a(v) = -v**2 + 6*v - 6. Let c be a(q). Suppose -c*j + 24 = 2*j. What is the units digit of j?
6
Suppose -3*s + 77 + 715 = 0. What is the units digit of s?
4
Let s be -3*((-44)/12 - -1). Suppose -s + 16 = r. What is the units digit of r?
8
Let k be 8/(-6)*(-51)/34. Suppose 0 = k*x - 6*x + 240. What is the units digit of x?
0
Suppose 0*w + 112 = 2*w. What is the tens digit of w?
5
What is the units digit of (-6)/2 - (15 + -185)?
7
Let h(g) be the second derivative of -g**3/6 + g**2/2 + 2*g. Let z be h(7). What is the units digit of (-16)/z*(-3 - -6)?
8
Let l(q) = -4*q + 2. Let c be l(-6). Suppose 3*w - w - c = 0. What is the tens digit of w?
1
Suppose -z = -3*z. Suppose -2*y - 5 + 57 = z. What is the units digit of y?
6
Let n(v) = v**2 + 9. Let c(k) be the second derivative of k**5/20 - k**4/6 + k**3/3 - k**2/2 - 2*k. Let s be c(1). What is the units digit of n(s)?
9
Let k(g) = -g**3 - 5*g**2 + 5*g - 4. Suppose x - 1 + 7 = 0. What is the units digit of k(x)?
2
Let l = 22 + -13. Suppose t + 4*a = 13 + l, -t - a = -16. What is the units digit of t?
4
Suppose 5*o - 2*p - 329 = 0, -3*o - 3*p + 146 = -43. What is the tens digit of o?
6
Let n = 1 + -7. Let h = 4 + n. Let b = 11 + h. What is the units digit of b?
9
Let b(r) be the third derivative of -r**4/24 + 2*r**2. Let n be b(-2). Suppose 4*d - n*d + 3*j = 35, -d + 2*j = 0. What is the tens digit of d?
1
Let q = 22 + -276. What is the tens digit of (-10)/25 - q/10?
2
Let c = 24 + -15. Let o(l) = -5*l**2 - 14*l - 9. Let b(m) = -11*m**2 - 29*m - 19. Let t(y) = -6*b(y) + 13*o(y). What is the units digit of t(c)?
6
Let j(a) = -a**2 + 12*a - 10. What is the tens digit of j(9)?
1
Let y(x) = 9*x**2 + 3*x - 1. What is the tens digit of y(1)?
1
What is the units digit of (-1)/(-4)*(6 - -30)?
9
Suppose -2*w - 6 = -m, 5*m + 36 = -4*w + 10. What is the units digit of (-1)/(1/34*m)?
7
Let t(q) = q**3 + 2 + 6*q**2 + 2*q + 0*q**3 + 3. What is the units digit of t(-5)?
0
Let z(a) = -a**2 + 8*a + 3. Let x be z(9). Let c be (x/(-5))/((-9)/(-30)). Suppose -c*m + 6*m = 2. What is the units digit of m?
1
Let g = 261 + -107. What is the hundreds digit of g?
1
Let r(n) = n**2 + 9*n - 16. What is the tens digit of r(-19)?
7
Let m be 3*1/3 - -7. Let n(b) = -b**2 + 9*b - 7. Let t be n(m). Let q = t - -6. What is the units digit of q?
7
Let a = -3 + 4. Let w be 0*(3/(-2) + a). What is the units digit of -2 - (-8 - (w - 2))?
4
Let w = -13 + 7. Let q(v) = v + 6. Let f be q(w). Suppose 0 = -4*g + 3*z + 71, 4*g - z - 77 = -f*z. What is the tens digit of g?
2
Suppose f = -2*p + 268, 3*p + 360 - 1693 = -5*f. What is the units digit of f?
6
Let x = 68 - 48. What is the tens digit of x?
2
Let p = -3 + 3. Suppose -5*g - 4 = -p*m - 2*m, -5*g + 4*m = 8. Suppose q + g = 2. What is the units digit of q?
2
Suppose 5 = n - 18. What is the units digit of n?
3
Let g = -1 + 0. Let p be (1 - 6)/g + 0. Suppose -d = -2*d + p. What is the units digit of d?
5
Let j be 3/(-4) + (-1)/4. What is the units digit of (1 + -1 - 2)*j?
2
Suppose 0 = -0*p - 2*p + 8. Let z be ((-14)/3)/((-6)/18). What is the units digit of (p/z)/((-4)/(-28))?
2
Suppose 8*y - 3*y - 10 = 0. Let k be 3/(-1)*y/3. What is the tens digit of 0*(-1)/k + 10?
1
Suppose 2*s - s - 151 = 0. What is the hundreds digit of s?
1
Suppose 4*d - 5*d - 13 = 0. Let q = d - -5. What is the units digit of ((-6)/q)/((-2)/(-16))?
6
Let b(f) = f**2 + 2*f - 2. Let a = 5 - 0. Let j be a*(-2 + 0 + 1). What is the tens digit of b(j)?
1
Suppose -2 = -2*i - 0. What is the units digit of (i/(-2))/((-7)/518)?
7
Let d = 48 + -4. What is the units digit of d?
4
Suppose 0*w + 52 = 4*w. Suppose -4*x + c = -49, -x + w = 2*x + 4*c. What is the units digit of x?
1
Suppose 7*d - 54 = 282. What is the units digit of d?
8
Let k(v) = v**3 - 3*v**2 + 2*v - 3. Let h(q) = q**3 - 2*q**2 + q - 3. Let s(t) = -6*h(t) + 5*k(t). What is the units digit of s(-4)?
3
Let g(q) = -100*q + 7. What is the tens digit of g(-2)?
0
Suppose b = 32 + 101. What is the tens digit of b?
3
Let g = -3 + 3. Suppose 3*x = -4*b + 67, g = 5*b - 2*x + 4 - 59. What is the tens digit of b?
1
Suppose 2*w = w + 10. Suppose 7*t = 2*t + 25. Suppose -a = -f - t, -5*f = -2*a + w - 3. What is the units digit of a?
6
Let d(a) be the third derivative of -a**6/120 - a**5/15 + 2*a**3/3 - a**2. Let f be d(-4). Suppose 2 = -3*w + f*w. What is the units digit of w?
2
Suppose -375 = 8*k - 1183. What is the hundreds digit of k?
1
Suppose -4*r = 5*m + 16, 0 = -0*r + 5*r + 2*m + 3. Suppose -4*o + 5 = r. What is the units digit of o?
1
Let k(y) be the first derivative of -y**2 + 2*y + 2. What is the tens digit of k(-7)?
1
Let b be 0 + (2 - 1)*52. Suppose b = 5*u - w, -4*u + 2*w + 12 = -32. Let d = 16 - u. What is the units digit of d?
6
Let h(g) = -g**3 - 4*g**2 + 5. Let k be h(-4). Suppose 2*b + 8 = 5*m, 0*b - b = -k*m + 4. What is the units digit of m - (3 + -3) - -17?
7
Let o be 224/(-36) - (-4)/18. Let z(r) = r**3 - 5*r**2 - 6*r + 8. Le